?
-7970
What is -b435 (base 14) in base 11?
-21336
201101 (base 3) to base 11
436
-873 (base 11) to base 3
-1102211
18f (base 16) to base 13
249
Convert -10122020 (base 3) to base 11.
-1aa1
Convert -342 (base 8) to base 4.
-3202
What is -1005 (base 14) in base 10?
-2749
What is 436141 (base 7) in base 9?
126024
Convert -331331 (base 4) to base 15.
-1295
Convert -1001001011 (base 2) to base 6.
-2415
122 (base 7) to base 12
55
What is -108 (base 15) in base 16?
-e9
What is 3e4d (base 15) in base 13?
60ca
-22332230 (base 4) to base 9
-67618
Convert -38823 (base 12) to base 7.
-441051
What is -13033312 (base 4) in base 7?
-152356
Convert -1110110011100 (base 2) to base 15.
-23a5
Convert 1000000101 (base 2) to base 6.
2221
-8172 (base 16) to base 11
-22996
What is 4100 (base 5) in base 11?
438
d792 (base 16) to base 13
1c171
1110011 (base 2) to base 16
73
Convert -1011111001101 (base 2) to base 7.
-23523
Convert 5a38 (base 14) to base 2.
11110101110010
Convert -3240 (base 5) to base 9.
-544
Convert 139 (base 10) to base 15.
94
What is -459 (base 13) in base 2?
-1011101110
Convert -22220002 (base 3) to base 10.
-6482
Convert -a46 (base 13) to base 8.
-3324
What is 1200 (base 7) in base 5?
3231
Convert -2113 (base 7) to base 10.
-745
Convert -707 (base 8) to base 4.
-13013
-23221 (base 5) to base 3
-2022110
What is -c80 (base 15) in base 9?
-3773
76 (base 13) to base 2
1100001
What is -215a (base 15) in base 2?
-1101110010100
What is 2001222020 (base 3) in base 11?
28724
What is -30221 (base 6) in base 13?
-1a68
What is -325 (base 6) in base 7?
-236
Convert 282 (base 14) to base 11.
420
-110010101 (base 2) to base 13
-252
1203023 (base 5) to base 3
1010112120
Convert -14313 (base 5) to base 3.
-1122202
Convert -425 (base 6) to base 16.
-a1
What is -2011201 (base 3) in base 15?
-70a
What is c3c0 (base 15) in base 14?
110dd
Convert 2d49 (base 15) to base 9.
14326
-2959 (base 13) to base 12
-3571
What is 1001101010 (base 2) in base 12?
436
-152 (base 10) to base 4
-2120
10010 (base 2) to base 14
14
Convert -170125 (base 8) to base 15.
-1336a
2112001 (base 3) to base 11
1420
What is 16697 (base 10) in base 8?
40471
-1563 (base 8) to base 11
-733
Convert 211144 (base 7) to base 2.
1000111001010111
Convert 20255 (base 6) to base 13.
12c8
What is 11010111010 (base 2) in base 16?
6ba
Convert 20120111 (base 3) to base 2.
1001010111000
What is -b74 (base 13) in base 12?
-116a
-1001001110 (base 2) to base 15
-295
Convert 87483 (base 10) to base 13.
30a86
1425 (base 11) to base 16
732
What is 6567 (base 12) in base 4?
2232133
Convert -1334401 (base 5) to base 15.
-821b
3074 (base 8) to base 2
11000111100
5511 (base 10) to base 5
134021
Convert -cc (base 14) to base 15.
-c0
What is 23056 (base 9) in base 15?
4840
24ba (base 14) to base 5
201221
Convert 66103 (base 9) to base 11.
2aa20
What is -1322301 (base 5) in base 7?
-140324
Convert -41014 (base 8) to base 12.
-9950
What is -2f8 (base 16) in base 5?
-11020
Convert -607 (base 11) to base 4.
-23131
Convert -26613 (base 12) to base 16.
-cdef
What is 20031 (base 4) in base 13?
315
What is 324 (base 5) in base 14?
65
What is 142001 (base 6) in base 12?
7901
What is 54464 (base 9) in base 13?
13582
251304 (base 7) to base 8
132041
79 (base 14) to base 10
107
Convert -888 (base 10) to base 3.
-1012220
Convert 1022111 (base 3) to base 15.
43d
What is 732 (base 16) in base 9?
2466
Convert 936 (base 10) to base 5.
12221
-6280 (base 9) to base 7
-16302
Convert 98b (base 16) to base 12.
14b7
-1366 (base 7) to base 2
-1000011010
What is -967 (base 11) in base 9?
-1531
-505 (base 6) to base 11
-159
What is -28aa (base 16) in base 11?
-7904
What is -7385 (base 10) in base 5?
-214020
What is -11010100011 (base 2) in base 14?
-895
Convert -102000 (base 4) to base 7.
-3234
9233 (base 11) to base 10
12257
Convert -26ca (base 13) to base 12.
-3286
What is -1185 (base 11) in base 2?
-11000001001
What is 9216 (base 16) in base 13?
1403a
Convert 12378 (base 13) to base 4.
20030121
Convert 574 (base 9) to base 14.
25a
Convert 2024 (base 5) to base 13.
174
-3976 (base 10) to base 16
-f88
1001001001101 (base 2) to base 16
124d
What is -110101111111 (base 2) in base 10?
-3455
What is 113041 (base 7) in base 6?
233454
Convert -2120002 (base 3) to base 5.
-24430
Convert -161 (base 8) to base 13.
-89
Convert 1344 (base 7) to base 10.
522
Convert -44562 (base 7) to base 14.
-4169
What is -19 (base 15) in base 14?
-1a
What is -d5c (base 14) in base 12?
-1632
Convert -c8b (base 13) to base 12.
-12a7
What is -801 (base 15) in base 16?
-709
Convert -1120222020 (base 3) to base 7.
-160221
What is -2401 (base 7) in base 16?
-373
What is 44435 (base 7) in base 12?
6592
324 (base 11) to base 4
12011
Convert 1222010 (base 3) to base 12.
9b6
What is -301132 (base 5) in base 9?
-14072
Convert 1331230 (base 4) to base 2.
1111101101100
Convert -17c1 (base 14) to base 7.
-15331
-7a83 (base 16) to base 3
-1121000121
What is 110200 (base 3) in base 9?
420
What is -1752 (base 8) in base 3?
-1101010
-26558 (base 9) to base 14
-6786
What is -3333 (base 4) in base 5?
-2010
Convert -127 (base 12) to base 3.
-20111
11111100010010 (base 2) to base 16
3f12
What is 1100000111111010 (base 2) in base 7?
264530
Convert -1110020 (base 3) to base 5.
-13214
Convert b0e (base 16) to base 10.
2830
Convert -22202 (base 3) to base 6.
-1032
-126 (base 14) to base 4
-3212
-8d5 (base 14) to base 9
-2360
1451 (base 11) to base 4
131033
What is -58a4 (base 14) in base 9?
-23146
Convert 51230 (base 6) to base 8.
15202
Convert 1110101010100 (base 2) to base 10.
7508
Convert 1011 (base 4) to base 7.
126
Convert -10211011212 (base 3) to base 7.
-432203
-4e28 (base 16) to base 5
-1120013
3173 (base 10) to base 14
1229
1021121022 (base 3) to base 9
37538
What is 312121 (base 4) in base 13?
177a
What is 130411 (base 6) in base 11?
8971
What is 3100 (base 7) in base 14?
570
Convert -306a (base 12) to base 10.
-5266
What is -212 (base 10) in base 8?
-324
Convert -24e (base 15) to base 6.
-2232
What is 1016c (base 14) in base 6?
455112
10020120 (base 3) to base 4
210330
Convert -2193 (base 13) to base 4.
-1021023
What is 15154 (base 6) in base 15?
ad1
What is -11000001 (base 2) in base 16?
-c1
Convert 8172 (base 16) to base 11.
22996
-6cfa (base 16) to base 15
-83ed
-1b10 (base 16) to base 14
-274c
What is 1102021 (base 4) in base 15?
1857
Convert 4211 (base 6) to base 13.
577
Convert 4443 (base 8) to base 9.
3178
1654 (base 8) to base 3
1021211
-14034 (base 5) to base 7
-3223
What is -346 (base 9) in base 13?
-18c
6103 (base 7) to base 13
c64
-32a (base 11) to base 3
-112122
Convert -69b6 (base 13) to base 15.
-4602
Convert -3165 (base 11) to base 13.
-1b9c
Convert -8955 (base 12) to base 13.
-6bb1
Convert 5a2c (base 13) to base 11.
9608
What is -7a5b (base 16) in base 10?
-31323
1303204 (base 5) to base 6
313421
What is -1327 (base 11) in base 4?
-122323
-4b91 (base 12) to base 5
-233410
What is -12020 (base 4) in base 11?
-327
Convert -230b (base 14) to base 11.
-4634
10110 (base 2) to base 16
16
What is 191 (base 13) in base 7?
560
Convert -21202 (base 4) to base 11.
-505
What is -2e37 (base 16) in base 15?
-378b
1514 (base 11) to base 4
132133
-10010110111 (base 3) to base 15
-1339d
Convert -465 (base 8) to base 6.
-1233
What is -1513 (base 12) in base 5?
-34323
What is -1410 (base 6) in base 13?
-222
Convert 5611 (base 7) to base 2.
11111100001
105356 (base 7) to base 9
27588
451 (base 8) to base 15
14c
137510 (base 9) to base 11
58330
Convert 8d53 (base 14) to base 15.
7433
What is 324241 (base 5) in base 12?
6590
Convert -16126 (base 7) to base 14.
-1916
-73 (base 14) to base 6
-245
What is -713 (base 8) in base 15?
-209
What is 1402 (base 7) in base 13?
328
What is -290 (base 15) in base 13?
-360
What is -1154 (base 9) in base 3?
-1011211
Convert 1027 (base 16) to base 14.
1715
Convert 1122100111 (base 3) to base 5.
2013312
What is -21532 (base 9) in base 5?
-424120
Convert 3114 (base 7) to base 13.
65a
1020200 (base 3) to base 2
1110001101
Convert -2444213 (base 5) to base 3.
-2101012122
What is -444440 (base 5) in base 13?
-7157
1001111010 (base 2) to base 7
1564
What is -517 (base 10) in base 14?
-28d
What is -10100110001111 (base 2) in base 15?
-3244
What is -651 (base 8